False
Is 4637 a prime number?
True
Is 5484373 composite?
True
Is 3687373 prime?
True
Is 3430079 composite?
False
Is 61540211 a prime number?
True
Is 34581713 a prime number?
True
Is 1531159 a prime number?
False
Is 1248409 a composite number?
True
Is 40566013 a composite number?
False
Is 6421859 composite?
True
Is 20255051 composite?
True
Is 229612091 a prime number?
False
Is 54422339 a composite number?
False
Is 324327803 a prime number?
True
Is 69119123 composite?
False
Is 200594783 composite?
False
Is 5064961 prime?
False
Is 50529557 composite?
True
Is 300189221 prime?
True
Is 1916977 a composite number?
False
Is 82195277 prime?
False
Is 273956719 a composite number?
False
Is 359174327 a prime number?
True
Is 1169318 a composite number?
True
Is 24031039 prime?
False
Is 1733629 a composite number?
True
Is 6509663 composite?
True
Is 21314939 composite?
True
Is 124283213 a prime number?
True
Is 14469155 a composite number?
True
Is 177195847 composite?
True
Is 154437671 composite?
False
Is 100649 a composite number?
False
Is 13126259 composite?
False
Is 7937257 a composite number?
True
Is 97587983 a prime number?
False
Is 2992502 composite?
True
Is 41419853 a composite number?
True
Is 9460811 a composite number?
False
Is 150320311 prime?
False
Is 16887089 a prime number?
False
Is 1194593 prime?
True
Is 8116273 composite?
True
Is 15370027 composite?
False
Is 152812073 prime?
False
Is 17549849 a prime number?
False
Is 17179997 composite?
True
Is 4043129 a composite number?
False
Is 3229781 composite?
False
Is 2579233 composite?
True
Is 257760947 prime?
True
Is 24247801 a prime number?
False
Is 63437919 prime?
False
Is 40158101 prime?
True
Is 15002527 prime?
False
Is 34802707 a prime number?
True
Is 16692211 a composite number?
False
Is 20691637 prime?
False
Is 45150109 a composite number?
False
Is 4358153 a prime number?
False
Is 24459949 a composite number?
False
Is 55462907 composite?
False
Is 319783 prime?
False
Is 1507813 composite?
False
Is 43000679 prime?
True
Is 57480427 a composite number?
True
Is 2278973 composite?
True
Is 17504299 a prime number?
True
Is 54558463 a composite number?
True
Is 2381179 a prime number?
True
Is 3006113113 a prime number?
True
Is 50648555 prime?
False
Is 4649863 a prime number?
True
Is 125211403 a composite number?
False
Is 37379311 prime?
False
Is 10408323 a composite number?
True
Is 154391 prime?
False
Is 7701163 a composite number?
False
Is 125439983 prime?
False
Is 4876511 a composite number?
False
Is 52652653 a composite number?
True
Is 39359021 a composite number?
True
Is 1768831 a composite number?
False
Is 17305423 a composite number?
False
Is 61583369 a prime number?
False
Is 47842871 prime?
False
Is 65395979 composite?
True
Is 2049703 prime?
True
Is 13656977 prime?
False
Is 149519 a composite number?
False
Is 36305669 prime?
True
Is 4583767 a prime number?
False
Is 159869261 a composite number?
False
Is 60125563 a composite number?
True
Is 156697049 a composite number?
True
Is 7845161 prime?
False
Is 223151 composite?
False
Is 1529701 a composite number?
False
Is 342911 composite?
True
Is 104156323 composite?
True
Is 2921689 prime?
True
Is 56617 composite?
True
Is 26693269 a composite number?
True
Is 100043 a prime number?
True
Is 2912935 a composite number?
True
Is 942473 composite?
True
Is 152151721 prime?
True
Is 445997271 composite?
True
Is 25273687 prime?
True
Is 9959947 a prime number?
True
Is 9593807 a composite number?
True
Is 373590187 a prime number?
True
Is 6342263 a prime number?
False
Is 5182699 composite?
False
Is 5818457 composite?
False
Is 65917681 a composite number?
False
Is 8506051 a composite number?
False
Is 394 prime?
False
Is 348342377 a composite number?
False
Is 16315111 a prime number?
False
Is 4431523 prime?
True
Is 766487 composite?
False
Is 87148217 prime?
False
Is 267914809 a prime number?
True
Is 26406857 composite?
True
Is 24540089 a prime number?
False
Is 2251049 a composite number?
False
Is 7910867 composite?
True
Is 297233 composite?
False
Is 2483651 composite?
True
Is 25609873 a prime number?
False
Is 10109153 a composite number?
False
Is 1490869 composite?
False
Is 1361333 prime?
False
Is 3582071 a composite number?
True
Is 40064111 a composite number?
True
Is 99469439 a composite number?
True
Is 1155299 composite?
True
Is 5798621 composite?
False
Is 919334239 prime?
True
Is 101162987 a composite number?
True
Is 236384023 prime?
True
Is 609415941 a prime number?
False
Is 8526929 a composite number?
False
Is 844631 a prime number?
True
Is 2124359 composite?
False
Is 12093437 prime?
False
Is 94123 composite?
True
Is 30376133 a prime number?
True
Is 52397599 a prime number?
True
Is 219997 prime?
False
Is 12503651 prime?
False
Is 16060097 prime?
True
Is 13083971 prime?
True
Is 257311079 prime?
True
Is 302360369 a composite number?
True
Is 15945473 prime?
False
Is 10921693 a composite number?
False
Is 71407901 a composite number?
False
Is 29087369 composite?
False
Is 1177343 composite?
True
Is 78325977 composite?
True
Is 158524889 a prime number?
True
Is 260782793 prime?
True
Is 18550247 a composite number?
True
Is 3203729 prime?
True
Is 33309307 prime?
False
Is 237091 a prime number?
True
Is 647177 composite?
True
Is 246675113 a prime number?
False
Is 226655203 a prime number?
False
Is 427917571 composite?
False
Is 2278591 a composite number?
True
Is 3525241 prime?
False
Is 26500267 prime?
False
Is 54534499 a composite number?
False
Is 80243 composite?
True
Is 221081281 prime?
False
Is 26546657 a prime number?
True
Is 5530013 prime?
False
Is 67033478 prime?
False
Is 104775599 a prime number?
False
Is 20956387 composite?
True
Is 162834893 composite?
True
Is 2508557 a composite number?
False
Is 1338781 a composite number?
False
Is 19064393 a prime number?
False
Is 2349101 a prime number?
True
Is 6106831 a composite number?
True
Is 12474661 prime?
False
Is 1274309 prime?
True
Is 26366023 composite?
False
Is 62645789 a composite number?
True
Is 57712663 prime?
False
Is 6254189 composite?
True
Is 796333 a composite number?
True
Is 12888971 prime?
True
Is 545615173 a prime number?
True
Is 63117157 composite?
True
Is 1127471 a prime number?
False
Is 19224427 composite?
True
Is 10738877 composite?
True
Is 8439523 a prime number?
False
Is 194559697 composite?
False
Is 30792854 a prime number?
False
Is 59159 a prime number?
True
Is 33930973 composite?
False
Is 2845019 a composite number?
False
Is 8022913 a prime number?
False
Is 1943693 a composite number?
False
Is 29995609 composite?
True
Is 78157 a prime number?
True
Is 8133133 a composite number?
False
Is 8613573 composite?
True
Is 48996143 a prime number?
False
Is 523550141 a composite number?
False
Is 62147339 a composite number?
True
Is 8174141 a composite number?
True
Is 42867227 a composite number?
True
Is 1529817 a composite number?
True
Is 450840317 composite?
True
Is 11382479 a prime number?
False
Is 2345419 composite?
True
Is 2851091 composite?
False
Is 132961011 composite?
True
Is 87609719 a prime number?
False
Is 82663559 prime?
False
Is 15340963 a composite number?
True
Is 36454503 prime?
False
Is 4678843 prime?
False
Is 1754735 prime?
False
Is 625103 a prime number?
True
Is 8380859 a prime number?
True
Is 4287719 prime?
True
Is 18981793 a composite number?
True
Is 10681699 prime?
False
Is 177209 composite?
False
Is 675643 prime?
True
Is 1915705463 a prime number?
False
Is 1714871 prime?
True
Is 32144963 composite?
True
Is 6971777 a prime number?
True
Is 619012939 a composite number?
False
Is 103877437 composite?
False
Is 198143 composite?
True
Is 631789 a composite number?
False
Is 1048813 composite?
True
Is 2872213 composite?
True
Is 69161231 prime?
True
Is 2378657 composite?
True
Is 9802501 a composite number?
False
Is 24854263 prime?
False
Is 770837 prime?
True
Is 12646483 a composite number?
False
Is 59222969 a prime number?
False
Is 3041347 prime?
False
Is 21203543 a prime number?
True
Is 76067141 prime?
False
Is 54585679 a prime number?
False
Is 121839859 composite?
False
Is 1146197 composite?
True
Is 7271779 a composite number?
True
Is 24180767 prime?
False
Is 4408895 a composite number?
True
Is 351273297 a composite number?
True
Is 27948727 composite?
True
Is 730501 a composite number?
True
Is 49952